{"id":2,"date":"2026-02-25T12:25:21","date_gmt":"2026-02-25T11:25:21","guid":{"rendered":"https:\/\/radioalma.eu\/alpha\/?page_id=2"},"modified":"2026-02-25T12:25:21","modified_gmt":"2026-02-25T11:25:21","slug":"page-d-exemple","status":"publish","type":"page","link":"https:\/\/radioalma.eu\/alpha\/page-d-exemple\/","title":{"rendered":"Page d\u2019exemple"},"content":{"rendered":"<p>Vous trouverez sur ce Blog des informations sur votre \u00e9mission pr\u00e9f\u00e9r\u00e9e.<br \/>\nCet espace \u00e9volue fr\u00e9quemment au rythme des publications que vos animateurs ont le plaisir de partager.  Tout ce que vous voulez savoir sur votre \u00e9mission se trouve ici. Ce blog est le compl\u00e9ment et relais privil\u00e9gi\u00e9s de votre \u00e9mission.<\/p>\n","protected":false},"excerpt":{"rendered":"<p>Vous trouverez sur ce Blog des informations sur votre \u00e9mission pr\u00e9f\u00e9r\u00e9e. Cet espace \u00e9volue fr\u00e9quemment au rythme des publications que vos animateurs ont le plaisir de partager. Tout ce que&hellip; <\/p>\n","protected":false},"author":122,"featured_media":0,"parent":0,"menu_order":0,"comment_status":"closed","ping_status":"open","template":"","meta":{"footnotes":""},"class_list":["post-2","page","type-page","status-publish","hentry"],"_links":{"self":[{"href":"https:\/\/radioalma.eu\/alpha\/wp-json\/wp\/v2\/pages\/2","targetHints":{"allow":["GET"]}}],"collection":[{"href":"https:\/\/radioalma.eu\/alpha\/wp-json\/wp\/v2\/pages"}],"about":[{"href":"https:\/\/radioalma.eu\/alpha\/wp-json\/wp\/v2\/types\/page"}],"author":[{"embeddable":true,"href":"https:\/\/radioalma.eu\/alpha\/wp-json\/wp\/v2\/users\/122"}],"replies":[{"embeddable":true,"href":"https:\/\/radioalma.eu\/alpha\/wp-json\/wp\/v2\/comments?post=2"}],"version-history":[{"count":0,"href":"https:\/\/radioalma.eu\/alpha\/wp-json\/wp\/v2\/pages\/2\/revisions"}],"wp:attachment":[{"href":"https:\/\/radioalma.eu\/alpha\/wp-json\/wp\/v2\/media?parent=2"}],"curies":[{"name":"wp","href":"https:\/\/api.w.org\/{rel}","templated":true}]}}