{"id":2,"date":"2017-02-27T12:52:47","date_gmt":"2017-02-27T11:52:47","guid":{"rendered":"http:\/\/radioalma.eu\/sabadito\/?page_id=2"},"modified":"2020-04-05T02:41:17","modified_gmt":"2020-04-05T00:41:17","slug":"page-d-exemple","status":"publish","type":"page","link":"https:\/\/radioalma.eu\/sabadito\/page-d-exemple\/","title":{"rendered":"Bienvenidos"},"content":{"rendered":"<p>\u00a1\u00a1\u00a1Hola!!!<\/p>\n<p>Queridas Ni\u00f1as y Queridos Ni\u00f1os,<br \/>\nNos da una gran alegr\u00eda saber que nos visitan en el blog infantil en Sabadito Alegre, el programa infantil en Radio Alma creado especialmente para ustedes.<\/p>\n<p>S\u00ed, Sabadito Alegre es su programa, y cada S\u00e1bado a las 9 de la ma\u00f1ana vamos a contarles cuentos, a tocar lindas canciones, invitarlos a jugar con las adivinanzas y a concursar mandando un dibujo de los cuentos que les contaremos. Tenemos premios muy lindos.<\/p>\n<p>En Sabadito Alegre estamos Abi, Federico y sus amigos animales:<br \/>\nPepito el grillo, y Blasito el conejo (aunque \u00e9l explica que es un Teporingo, una especie de conejo miniatura de M\u00e9xico que vive en los volcanes).<\/p>\n<p>Nos dar\u00e1 mucho gusto el llegar a su radio o a su computadora si nos escuchan por internet.<br \/>\nCada S\u00e1bado a las 9:00 a.m. (hora de B\u00e9lgica)<br \/>\nRadio Alma 101.9 fm<\/p>\n<p>www.radioalma.be<\/p>\n<p>\u00a1\u00a1\u00a1\u00a1All\u00e1 nos escucharemos en Sabadito Alegre!!!!<\/p>\n<p>&nbsp;<\/p>\n<div id=\"attachment_190\" style=\"width: 540px\" class=\"wp-caption alignnone\"><img fetchpriority=\"high\" decoding=\"async\" aria-describedby=\"caption-attachment-190\" class=\"wp-image-190 \" src=\"http:\/\/radioalma.eu\/sabadito\/files\/2018\/03\/illust_SA-e1521155497203-220x300.jpg\" alt=\"\" width=\"540\" height=\"750\"><p id=\"caption-attachment-190\" class=\"wp-caption-text\">Abi, Federico, Blasito y&nbsp; Pepito en Sabadito Alegre<\/p><\/div>\n<p>&nbsp;<\/p>\n<p>Importante:<br \/>\nSabadito Alegre es un programa creado&nbsp; por Federico Garcia.<br \/>\nProducido por Federico Garcia y Abigail Viveros Espinosa.<\/p>\n<p>Los Personajes y guiones son propiedad intelectual de sus creadores:<br \/>\nFederico Garcia y Abigail Viveros Espinosa.<br \/>\n\u00a9 Todos los Derechos de Autor Reservados.<\/p>\n<p>Toda reproducci\u00f3n por cualquier medio radiof\u00f3nico o digital queda estrictamente prohibida. Si desea informaci\u00f3n al respecto comuniquese<br \/>\ncon nosotros:&nbsp; sabadito@radioalma.eu<\/p>\n<div class=\"itanywhere-activator\" title=\"Google Translator Anywhere\">&nbsp;<\/div>\n","protected":false},"excerpt":{"rendered":"<p>\u00a1\u00a1\u00a1Hola!!! Queridas Ni\u00f1as y Queridos Ni\u00f1os, Nos da una gran alegr\u00eda saber que nos visitan en el blog infantil en Sabadito Alegre, el programa infantil en Radio Alma creado especialmente para ustedes. S\u00ed, Sabadito Alegre es su programa, y cada S\u00e1bado a las 9 de la ma\u00f1ana vamos a contarles cuentos, a tocar lindas canciones, &hellip; <\/p>\n<p><a class=\"more-link btn\" href=\"https:\/\/radioalma.eu\/sabadito\/page-d-exemple\/\">Continue reading<\/a><\/p>\n","protected":false},"author":102,"featured_media":0,"parent":0,"menu_order":0,"comment_status":"closed","ping_status":"open","template":"","meta":{"footnotes":""},"class_list":["post-2","page","type-page","status-publish","hentry","nodate","item-wrap"],"_links":{"self":[{"href":"https:\/\/radioalma.eu\/sabadito\/wp-json\/wp\/v2\/pages\/2","targetHints":{"allow":["GET"]}}],"collection":[{"href":"https:\/\/radioalma.eu\/sabadito\/wp-json\/wp\/v2\/pages"}],"about":[{"href":"https:\/\/radioalma.eu\/sabadito\/wp-json\/wp\/v2\/types\/page"}],"author":[{"embeddable":true,"href":"https:\/\/radioalma.eu\/sabadito\/wp-json\/wp\/v2\/users\/102"}],"replies":[{"embeddable":true,"href":"https:\/\/radioalma.eu\/sabadito\/wp-json\/wp\/v2\/comments?post=2"}],"version-history":[{"count":0,"href":"https:\/\/radioalma.eu\/sabadito\/wp-json\/wp\/v2\/pages\/2\/revisions"}],"wp:attachment":[{"href":"https:\/\/radioalma.eu\/sabadito\/wp-json\/wp\/v2\/media?parent=2"}],"curies":[{"name":"wp","href":"https:\/\/api.w.org\/{rel}","templated":true}]}}