{"id":28,"date":"2017-03-01T12:00:28","date_gmt":"2017-03-01T11:00:28","guid":{"rendered":"http:\/\/radioalma.eu\/sabadito\/?page_id=28"},"modified":"2020-04-05T02:07:26","modified_gmt":"2020-04-05T00:07:26","slug":"enlaces","status":"publish","type":"page","link":"https:\/\/radioalma.eu\/sabadito\/enlaces\/","title":{"rendered":"Enlaces en los d\u00edas del COVID19"},"content":{"rendered":"<p><iframe title=\"Inventa un saludo nuevo. Once Ni\u00f1as y Ni\u00f1os\" width=\"750\" height=\"422\" src=\"https:\/\/www.youtube.com\/embed\/_Wi6SMJ8fsk?feature=oembed\" frameborder=\"0\" allow=\"accelerometer; autoplay; encrypted-media; gyroscope; picture-in-picture\" allowfullscreen><\/iframe><\/p>\n<p><iframe title=\"Lavado correcto de manos. Once Ni\u00f1as y Ni\u00f1os\" width=\"750\" height=\"422\" src=\"https:\/\/www.youtube.com\/embed\/gEjnX86yeis?feature=oembed\" frameborder=\"0\" allow=\"accelerometer; autoplay; encrypted-media; gyroscope; picture-in-picture\" allowfullscreen><\/iframe><\/p>\n<p><iframe title=\"Medidas de prevenci\u00f3n, COVID-19. Once Ni\u00f1as y Ni\u00f1os\" width=\"750\" height=\"422\" src=\"https:\/\/www.youtube.com\/embed\/0pbvr8cq0EA?feature=oembed\" frameborder=\"0\" allow=\"accelerometer; autoplay; encrypted-media; gyroscope; picture-in-picture\" allowfullscreen><\/iframe><\/p>\n\n\n<p><\/p>\n","protected":false},"excerpt":{"rendered":"","protected":false},"author":102,"featured_media":0,"parent":0,"menu_order":0,"comment_status":"closed","ping_status":"closed","template":"","meta":{"footnotes":""},"class_list":["post-28","page","type-page","status-publish","hentry","nodate","item-wrap"],"_links":{"self":[{"href":"https:\/\/radioalma.eu\/sabadito\/wp-json\/wp\/v2\/pages\/28","targetHints":{"allow":["GET"]}}],"collection":[{"href":"https:\/\/radioalma.eu\/sabadito\/wp-json\/wp\/v2\/pages"}],"about":[{"href":"https:\/\/radioalma.eu\/sabadito\/wp-json\/wp\/v2\/types\/page"}],"author":[{"embeddable":true,"href":"https:\/\/radioalma.eu\/sabadito\/wp-json\/wp\/v2\/users\/102"}],"replies":[{"embeddable":true,"href":"https:\/\/radioalma.eu\/sabadito\/wp-json\/wp\/v2\/comments?post=28"}],"version-history":[{"count":0,"href":"https:\/\/radioalma.eu\/sabadito\/wp-json\/wp\/v2\/pages\/28\/revisions"}],"wp:attachment":[{"href":"https:\/\/radioalma.eu\/sabadito\/wp-json\/wp\/v2\/media?parent=28"}],"curies":[{"name":"wp","href":"https:\/\/api.w.org\/{rel}","templated":true}]}}